{"id":41,"date":"2011-09-02T09:49:01","date_gmt":"2011-09-02T09:49:01","guid":{"rendered":"http:\/\/www.cerclemartinbuber.ch\/wordpress\/?page_id=41"},"modified":"2025-10-29T22:21:51","modified_gmt":"2025-10-29T22:21:51","slug":"contactez-nous","status":"publish","type":"page","link":"https:\/\/www.cerclemartinbuber.ch\/wordpress\/?page_id=41","title":{"rendered":"Rejoignez-nous !"},"content":{"rendered":"<p>Le <strong>Cercle Martin Buber <\/strong>participe \u00e0 l&#8217;accroissement de l&#8217;offre culturelle \u00e0 Gen\u00e8ve en organisant des rencontres vivantes avec des chercheuses &amp; chercheurs, \u00e9crivain-e-s et artistes d&#8217;Europe ou du Proche-Orient autour des th\u00e9matiques qui lui sont ch\u00e8res.<br \/>\nPour mettre en place des \u00e9v\u00e9nements novateurs et cr\u00e9ateurs de lien, elle compte <strong>sur la soutien fid\u00e8le de ses membres<\/strong>, <strong>mais<\/strong> <strong>cherche aussi \u00e0 agrandir son comit\u00e9 d&#8217;action,<\/strong> ouvert-e-s \u00e0 des \u00e9tudiant-e-s ou anciens \u00e9tudiant-e-s en sciences humaines et sociales, de m\u00eame qu&#8217;\u00e0 des stagiaires de fin d&#8217;\u00e9tudes, comme \u00e0 toute personne proche de nos id\u00e9es et valeurs et souhaitant nous pr\u00eater main forte.<\/p>\n<p>Si vous souhaitez nous \u00e9crire, faire un don, devenir membre du Cercle Martin Buber ou \u00eatre simplement tenu au courant de nos activit\u00e9s, merci de nous contacter \u00e0 l\u2019adresse: <strong>CercleMartinBuber(at)gmail.com<\/strong><\/p>\n<p style=\"text-align: left;\" align=\"center\"><strong>Cotisation annuelle des membres :<br \/>\n<\/strong>Membre simple : CHF 70.-<br \/>\nCouple : CHF 110.-<br \/>\nEtudiants, AVS, AI, Familles monoparentales : CHF 50.-<br \/>\nMembre de soutien : d\u00e8s CHF 200.-<br \/>\nMembre donateur : d\u00e8s 500.-<\/p>\n<h6><strong><em>Adresse postale :<\/em><br \/>\nCERCLE MARTIN BUBER<br \/>\n<\/strong><span style=\"font-weight: 300;\">2, rue du Vieux-Canal<\/span><\/h6>\n<h6>1227 Carouge<\/h6>\n<h6><span style=\"font-weight: 300;\">Suisse<\/span><\/h6>\n<p><em><strong>Coordonn\u00e9es bancaires :<br \/>\n<\/strong><\/em><strong>IBAN :<\/strong> CH96 0078 8000 C075 0042 7<br \/>\nSWIFT : BCGECHGGXXX<br \/>\n<span class=\"il\">Clearing<\/span> Number : 788<\/p>\n<p>Pour davantage d&#8217;informations, veuillez contacter :<br \/>\n<strong>Ilan LEW<\/strong>, Pr\u00e9sident du Cercle Martin Buber, 078 \/ 882.77.28 &#8211; ilanlew(at)gmail.com<\/p>\n<p>Vous pouvez \u00e9galement rester en contact avec nous sur Facebook :<br \/>\n<a href=\"https:\/\/www.facebook.com\/profile.php?id=100000173075740\"><img loading=\"lazy\" decoding=\"async\" title=\"icon_lg_facebook\" src=\"http:\/\/www.cerclemartinbuber.ch\/wordpress\/wp-content\/uploads\/2011\/09\/icon_lg_facebook.png\" alt=\"\" width=\"42\" height=\"42\" \/><\/a><\/p>\n<p style=\"text-align: left;\" align=\"center\">Notre page Facebook fait office de <a href=\"https:\/\/www.facebook.com\/#!\/profile.php?id=100000173075740\">revue de presse du CMB<\/a>, nous y s\u00e9lectionnons des articles en lien avec Isra\u00ebl, la Palestine ainsi qu&#8217;avec les pr\u00e9occupations plus ponctuelles li\u00e9es aux \u00e9v\u00e8nements que nous organisons.<\/p>\n<p style=\"text-align: left;\" align=\"center\">\n","protected":false},"excerpt":{"rendered":"<p>Le Cercle Martin Buber participe \u00e0 l&#8217;accroissement de l&#8217;offre culturelle \u00e0 Gen\u00e8ve en organisant des rencontres vivantes avec des chercheuses &amp; chercheurs, \u00e9crivain-e-s et artistes d&#8217;Europe ou du Proche-Orient autour des th\u00e9matiques qui lui sont ch\u00e8res. Pour mettre en place &hellip; <a href=\"https:\/\/www.cerclemartinbuber.ch\/wordpress\/?page_id=41\">Continue reading <span class=\"meta-nav\">&rarr;<\/span><\/a><\/p>\n","protected":false},"author":1,"featured_media":0,"parent":0,"menu_order":6,"comment_status":"closed","ping_status":"open","template":"","meta":{"footnotes":""},"class_list":["post-41","page","type-page","status-publish","hentry"],"_links":{"self":[{"href":"https:\/\/www.cerclemartinbuber.ch\/wordpress\/index.php?rest_route=\/wp\/v2\/pages\/41","targetHints":{"allow":["GET"]}}],"collection":[{"href":"https:\/\/www.cerclemartinbuber.ch\/wordpress\/index.php?rest_route=\/wp\/v2\/pages"}],"about":[{"href":"https:\/\/www.cerclemartinbuber.ch\/wordpress\/index.php?rest_route=\/wp\/v2\/types\/page"}],"author":[{"embeddable":true,"href":"https:\/\/www.cerclemartinbuber.ch\/wordpress\/index.php?rest_route=\/wp\/v2\/users\/1"}],"replies":[{"embeddable":true,"href":"https:\/\/www.cerclemartinbuber.ch\/wordpress\/index.php?rest_route=%2Fwp%2Fv2%2Fcomments&post=41"}],"version-history":[{"count":40,"href":"https:\/\/www.cerclemartinbuber.ch\/wordpress\/index.php?rest_route=\/wp\/v2\/pages\/41\/revisions"}],"predecessor-version":[{"id":1534,"href":"https:\/\/www.cerclemartinbuber.ch\/wordpress\/index.php?rest_route=\/wp\/v2\/pages\/41\/revisions\/1534"}],"wp:attachment":[{"href":"https:\/\/www.cerclemartinbuber.ch\/wordpress\/index.php?rest_route=%2Fwp%2Fv2%2Fmedia&parent=41"}],"curies":[{"name":"wp","href":"https:\/\/api.w.org\/{rel}","templated":true}]}}

<p>Le <strong>Cercle Martin Buber </strong>participe à l&#8217;accroissement de l&#8217;offre culturelle à Genève en organisant des rencontres vivantes avec des chercheuses &amp; chercheurs, écrivain-e-s et artistes d&#8217;Europe ou du Proche-Orient autour des thématiques qui lui sont chères.<br />
Pour mettre en place des événements novateurs et créateurs de lien, elle compte <strong>sur la soutien fidèle de ses membres</strong>, <strong>mais</strong> <strong>cherche aussi à agrandir son comité d&#8217;action,</strong> ouvert-e-s à des étudiant-e-s ou anciens étudiant-e-s en sciences humaines et sociales, de même qu&#8217;à des stagiaires de fin d&#8217;études, comme à toute personne proche de nos idées et valeurs et souhaitant nous prêter main forte.</p>
<p>Si vous souhaitez nous écrire, faire un don, devenir membre du Cercle Martin Buber ou être simplement tenu au courant de nos activités, merci de nous contacter à l’adresse: <strong>CercleMartinBuber(at)gmail.com</strong></p>
<p style="text-align: left;" align="center"><strong>Cotisation annuelle des membres :<br />
</strong>Membre simple : CHF 70.-<br />
Couple : CHF 110.-<br />
Etudiants, AVS, AI, Familles monoparentales : CHF 50.-<br />
Membre de soutien : dès CHF 200.-<br />
Membre donateur : dès 500.-</p>
<h6><strong><em>Adresse postale :</em><br />
CERCLE MARTIN BUBER<br />
</strong><span style="font-weight: 300;">2, rue du Vieux-Canal</span></h6>
<h6>1227 Carouge</h6>
<h6><span style="font-weight: 300;">Suisse</span></h6>
<p><em><strong>Coordonnées bancaires :<br />
</strong></em><strong>IBAN :</strong> CH96 0078 8000 C075 0042 7<br />
SWIFT : BCGECHGGXXX<br />
<span class="il">Clearing</span> Number : 788</p>
<p>Pour davantage d&#8217;informations, veuillez contacter :<br />
<strong>Ilan LEW</strong>, Président du Cercle Martin Buber, 078 / 882.77.28 &#8211; ilanlew(at)gmail.com</p>
<p>Vous pouvez également rester en contact avec nous sur Facebook :<br />
<a href="https://www.facebook.com/profile.php?id=100000173075740"><img loading="lazy" decoding="async" title="icon_lg_facebook" src="http://www.cerclemartinbuber.ch/wordpress/wp-content/uploads/2011/09/icon_lg_facebook.png" alt="" width="42" height="42" /></a></p>
<p style="text-align: left;" align="center">Notre page Facebook fait office de <a href="https://www.facebook.com/#!/profile.php?id=100000173075740">revue de presse du CMB</a>, nous y sélectionnons des articles en lien avec Israël, la Palestine ainsi qu&#8217;avec les préoccupations plus ponctuelles liées aux évènements que nous organisons.</p>
<p style="text-align: left;" align="center">

<p>Le Cercle Martin Buber participe à l&#8217;accroissement de l&#8217;offre culturelle à Genève en organisant des rencontres vivantes avec des chercheuses &amp; chercheurs, écrivain-e-s et artistes d&#8217;Europe ou du Proche-Orient autour des thématiques qui lui sont chères. Pour mettre en place &hellip; <a href="https://www.cerclemartinbuber.ch/wordpress/?page_id=41">Continue reading <span class="meta-nav">&rarr;</span></a></p>
